highest common divisor of 55 and 671?
11
Calculate the highest common factor of 12 and 1458.
6
Calculate the greatest common divisor of 2198 and 21.
7
What is the highest common factor of 24 and 492?
12
What is the highest common divisor of 11 and 55?
11
What is the greatest common factor of 627 and 3729?
33
Calculate the greatest common divisor of 2 and 16.
2
Calculate the highest common divisor of 550 and 22.
22
Calculate the greatest common factor of 3546 and 207.
9
What is the highest common divisor of 705 and 15?
15
What is the greatest common factor of 187 and 34?
17
What is the highest common factor of 328 and 123?
41
Calculate the highest common divisor of 648 and 72.
72
What is the highest common factor of 141 and 51?
3
Calculate the greatest common factor of 91 and 26936.
91
Calculate the highest common divisor of 342 and 4218.
114
What is the greatest common factor of 440 and 99?
11
What is the highest common divisor of 4176 and 9?
9
Calculate the highest common factor of 9 and 8469.
9
Calculate the highest common divisor of 4005 and 105.
15
Calculate the highest common factor of 5720 and 429.
143
What is the highest common factor of 876 and 12?
12
What is the greatest common factor of 1666 and 7?
7
Calculate the greatest common factor of 3328 and 26.
26
What is the highest common divisor of 29 and 1?
1
What is the highest common factor of 2912 and 784?
112
What is the greatest common factor of 12 and 4422?
6
Calculate the greatest common factor of 33 and 2838.
33
Calculate the greatest common factor of 45276 and 264.
132
Calculate the greatest common factor of 22890 and 140.
70
Calculate the highest common divisor of 4 and 2476.
4
Calculate the highest common divisor of 416 and 13.
13
What is the greatest common factor of 220 and 12815?
55
What is the greatest common factor of 40 and 170?
10
Calculate the highest common factor of 95 and 18392.
19
Calculate the greatest common factor of 9 and 2856.
3
What is the highest common divisor of 5220 and 18?
18
What is the greatest common factor of 416 and 20696?
104
Calculate the greatest common factor of 19089 and 189.
189
What is the highest common divisor of 60 and 1665?
15
Calculate the greatest common factor of 38 and 171.
19
Calculate the greatest common factor of 56 and 4.
4
What is the greatest common factor of 248 and 868?
124
What is the highest common divisor of 45 and 17715?
15
Calculate the greatest common factor of 297 and 5544.
99
Calculate the greatest common factor of 10 and 10.
10
Calculate the highest common factor of 48 and 6.
6
Calculate the highest common factor of 47 and 10.
1
What is the highest common divisor of 186 and 62?
62
Calculate the greatest common divisor of 460 and 6532.
92
Calculate the highest common factor of 38 and 7.
1
Calculate the highest common divisor of 56 and 532.
28
What is the greatest common divisor of 219 and 6?
3
What is the greatest common factor of 73 and 33361?
73
Calculate the highest common divisor of 39 and 2444.
13
What is the greatest common factor of 871 and 91?
13
Calculate the greatest common factor of 39 and 1053.
39
What is the greatest common factor of 175 and 75?
25
Calculate the greatest common divisor of 21408 and 96.
96
What is the highest common factor of 20 and 1570?
10
What is the greatest common factor of 84 and 5348?
28
What is the greatest common divisor of 12 and 116?
4
Calculate the highest common factor of 190 and 20.
10
What is the greatest common factor of 1065 and 10?
5
Calculate the highest common divisor of 287 and 7.
7
What is the highest common factor of 9 and 48?
3
Calculate the greatest common divisor of 1079 and 26.
13
Calculate the greatest common divisor of 78 and 27105.
39
What is the highest common factor of 4234 and 348?
58
Calculate the greatest common divisor of 10 and 410.
10
What is the highest common divisor of 225 and 99?
9
Calculate the highest common factor of 297 and 621.
27
What is the greatest common factor of 121 and 88?
11
Calculate the greatest common factor of 40 and 11.
1
What is the highest common factor of 256 and 4?
4
What is the greatest common divisor of 26 and 33514?
26
What is the greatest common divisor of 75 and 6?
3
What is the greatest common factor of 855 and 45?
45
Calculate the highest common divisor of 82 and 6806.
82
What is the greatest common factor of 1 and 3?
1
What is the highest common divisor of 2584 and 152?
152
Calculate the greatest common divisor of 332 and 116.
4
Calculate the greatest common divisor of 570 and 60.
30
Calculate the greatest common factor of 35 and 1120.
35
Calculate the greatest common divisor of 610 and 2.
2
What is the highest common divisor of 868 and 20?
4
Calculate the greatest common factor of 185 and 10.
5
Calculate the greatest common divisor of 19 and 209.
19
What is the highest common factor of 23 and 115?
23
What is the highest common divisor of 45 and 10635?
15
What is the highest common factor of 54649 and 259?
259
What is the greatest common divisor of 434 and 43400?
434
Calculate the greatest common factor of 689 and 53.
53
Calculate the highest common factor of 33 and 121.
11
Calculate the greatest common divisor of 26 and 1222.
26
What is the greatest common divisor of 455 and 20?
5
Calculate the greatest common factor of 1536 and 36.
12
Calculate the highest common divisor of 905 and 12127.
181
What is the highest common factor of 936 and 81?
9
What is the greatest common divisor of 1344 and 6?
6
What is the greatest common divisor of 477 and 53?
53
What is the highest common divisor of 15 and 105?
15
Calculate the highest common factor of 435 and 957.
87
What is the highest common divisor of 339 and 9?
3
What is the highest common factor of 949 and 73?
73
What is the highest common divisor of 52 and 45916?
52
What is the greatest common factor of 127 and 1?
1
Calculate the greatest common factor of 22 and 15631.
11
What is the highest common divisor of 6 and 4?
2
What is the highest common divisor of 624 and 48?
48
Calculate the greatest common divisor of 3520 and 143.
11
Calculate the greatest common factor of 16 and 18.
2
Calculate the greatest common factor of 36 and 104.
4
What is the highest common divisor of 3 and 51?
3
Calculate the greatest common divisor of 138 and 23.
23
What is the highest common factor of 2835 and 756?
189
Calculate the greatest common factor of 13 and 3.
1
Calculate the highest common factor of 43 and 2.
1
Calculate the greatest common divisor of 4506 and 12.
6
Calculate the greatest common divisor of 749 and 1819.
107
What is the greatest common divisor of 5892 and 12?
12
What is the highest common divisor of 5 and 2165?
5
What is the greatest common divisor of 26 and 338?
26
Calculate the greatest common factor of 1595 and 55.
55
Calculate the highest common divisor of 88 and 200.
8
What is the highest common factor of 55 and 407?
11
Calculate the highest common divisor of 175 and 100.
25
What is the highest common divisor of 174 and 84?
6
What is the greatest common factor of 93 and 2976?
93
Calculate the highest common factor of 20 and 1420.
20
What is the greatest common factor of 32 and 7136?
32
Calculate the greatest common divisor of 252 and 3444.
84
Calculate the greatest common factor of 684 and 152.
76
What is the highest common divisor of 159 and 212?
53
Calculate the greatest common factor of 22 and 40733.
11
What is the highest common divisor of 100 and 7300?
100
What is the highest common factor of 7776 and 160?
32
What is the highest common divisor of 384 and 9408?
192
Calculate the greatest common factor of 10 and 810.
10
What is the greatest common factor of 594 and 528?
66
Calculate the highest common divisor of 300 and 75.
75
What is the highest common divisor of 184 and 8?
8
Calculate the greatest common factor of 57 and 152.
19
Calculate the greatest common divisor of 119 and 1717.
17
What is the greatest common factor of 49 and 49?
49
Calculate the greatest common divisor of 3818 and 166.
166
Calculate the greatest common factor of 8 and 1696.
8
Calculate the greatest common factor of 8 and 56.
8
What is the highest common factor of 28 and 14?
14
Calculate the greatest common divisor of 26 and 15210.
26
Calculate the highest common factor of 46 and 46.
46
What is